{"id":1502,"date":"2025-06-19T11:55:32","date_gmt":"2025-06-19T10:55:32","guid":{"rendered":"http:\/\/prayerspacesinschools.com\/nation\/south-africa\/"},"modified":"2025-07-16T03:08:20","modified_gmt":"2025-07-16T02:08:20","slug":"south-africa","status":"publish","type":"nation","link":"https:\/\/prayerspacesinschools.com\/es\/nation\/south-africa\/","title":{"rendered":"Sud\u00e1frica"},"content":{"rendered":"\n<p>El equipo Youth in Transformation (YIT), cerca de Ciudad del Cabo, acogi\u00f3 los primeros espacios de oraci\u00f3n en las escuelas. A medida que sus historias se han difundido, se han creado espacios de oraci\u00f3n en otras partes de Sud\u00e1frica y en otras organizaciones asociadas, como Scripture Union.<\/p>\n\n\n\n<p>Prayer Spaces in Schools en las escuelas de Sud\u00e1frica forma parte de 24-7 Prayer South Africa.<\/p>\n","protected":false},"featured_media":1504,"template":"","class_list":["post-1502","nation","type-nation","status-publish","has-post-thumbnail","hentry"],"acf":[],"yoast_head":"<!-- This site is optimized with the Yoast SEO plugin v27.4 - https:\/\/yoast.com\/product\/yoast-seo-wordpress\/ -->\n<title>Sud\u00e1frica - Prayer Spaces in Schools International<\/title>\n<meta name=\"robots\" content=\"noindex, follow\" \/>\n<meta property=\"og:locale\" content=\"es_ES\" \/>\n<meta property=\"og:type\" content=\"article\" \/>\n<meta property=\"og:title\" content=\"Sud\u00e1frica - Prayer Spaces in Schools International\" \/>\n<meta property=\"og:description\" content=\"El equipo Youth in Transformation (YIT), cerca de Ciudad del Cabo, acogi\u00f3 los primeros espacios de oraci\u00f3n en las escuelas. A medida que sus historias se han difundido, se han creado espacios de oraci\u00f3n en otras partes de Sud\u00e1frica y en otras organizaciones asociadas, como Scripture Union. Prayer Spaces in Schools en las escuelas de [&hellip;]\" \/>\n<meta property=\"og:url\" content=\"https:\/\/prayerspacesinschools.com\/es\/nation\/south-africa\/\" \/>\n<meta property=\"og:site_name\" content=\"Prayer Spaces in Schools International\" \/>\n<meta property=\"article:modified_time\" content=\"2025-07-16T02:08:20+00:00\" \/>\n<meta property=\"og:image\" content=\"https:\/\/prayerspacesinschools.com\/wp-content\/uploads\/2025\/06\/psis_colour_logo_south_africa.png\" \/>\n\t<meta property=\"og:image:width\" content=\"324\" \/>\n\t<meta property=\"og:image:height\" content=\"283\" \/>\n\t<meta property=\"og:image:type\" content=\"image\/png\" \/>\n<meta name=\"twitter:card\" content=\"summary_large_image\" \/>\n<script type=\"application\/ld+json\" class=\"yoast-schema-graph\">{\"@context\":\"https:\\\/\\\/schema.org\",\"@graph\":[{\"@type\":\"WebPage\",\"@id\":\"https:\\\/\\\/prayerspacesinschools.com\\\/es\\\/nation\\\/south-africa\\\/\",\"url\":\"https:\\\/\\\/prayerspacesinschools.com\\\/es\\\/nation\\\/south-africa\\\/\",\"name\":\"Sud\u00e1frica - Prayer Spaces in Schools International\",\"isPartOf\":{\"@id\":\"http:\\\/\\\/prayerspacesinschools.com\\\/fr\\\/#website\"},\"primaryImageOfPage\":{\"@id\":\"https:\\\/\\\/prayerspacesinschools.com\\\/es\\\/nation\\\/south-africa\\\/#primaryimage\"},\"image\":{\"@id\":\"https:\\\/\\\/prayerspacesinschools.com\\\/es\\\/nation\\\/south-africa\\\/#primaryimage\"},\"thumbnailUrl\":\"https:\\\/\\\/prayerspacesinschools.com\\\/wp-content\\\/uploads\\\/2025\\\/06\\\/psis_colour_logo_south_africa.png\",\"datePublished\":\"2025-06-19T10:55:32+00:00\",\"dateModified\":\"2025-07-16T02:08:20+00:00\",\"breadcrumb\":{\"@id\":\"https:\\\/\\\/prayerspacesinschools.com\\\/es\\\/nation\\\/south-africa\\\/#breadcrumb\"},\"inLanguage\":\"es-ES\",\"potentialAction\":[{\"@type\":\"ReadAction\",\"target\":[\"https:\\\/\\\/prayerspacesinschools.com\\\/es\\\/nation\\\/south-africa\\\/\"]}]},{\"@type\":\"ImageObject\",\"inLanguage\":\"es-ES\",\"@id\":\"https:\\\/\\\/prayerspacesinschools.com\\\/es\\\/nation\\\/south-africa\\\/#primaryimage\",\"url\":\"https:\\\/\\\/prayerspacesinschools.com\\\/wp-content\\\/uploads\\\/2025\\\/06\\\/psis_colour_logo_south_africa.png\",\"contentUrl\":\"https:\\\/\\\/prayerspacesinschools.com\\\/wp-content\\\/uploads\\\/2025\\\/06\\\/psis_colour_logo_south_africa.png\",\"width\":324,\"height\":283},{\"@type\":\"BreadcrumbList\",\"@id\":\"https:\\\/\\\/prayerspacesinschools.com\\\/es\\\/nation\\\/south-africa\\\/#breadcrumb\",\"itemListElement\":[{\"@type\":\"ListItem\",\"position\":1,\"name\":\"Home\",\"item\":\"http:\\\/\\\/prayerspacesinschools.com\\\/es\\\/\"},{\"@type\":\"ListItem\",\"position\":2,\"name\":\"Sud\u00e1frica\"}]},{\"@type\":\"WebSite\",\"@id\":\"http:\\\/\\\/prayerspacesinschools.com\\\/fr\\\/#website\",\"url\":\"http:\\\/\\\/prayerspacesinschools.com\\\/fr\\\/\",\"name\":\"Prayer Spaces in Schools\",\"description\":\"Creating space in schools where pupils can pause to reflect or pray\",\"publisher\":{\"@id\":\"http:\\\/\\\/prayerspacesinschools.com\\\/fr\\\/#organization\"},\"potentialAction\":[{\"@type\":\"SearchAction\",\"target\":{\"@type\":\"EntryPoint\",\"urlTemplate\":\"http:\\\/\\\/prayerspacesinschools.com\\\/fr\\\/?s={search_term_string}\"},\"query-input\":{\"@type\":\"PropertyValueSpecification\",\"valueRequired\":true,\"valueName\":\"search_term_string\"}}],\"inLanguage\":\"es-ES\"},{\"@type\":\"Organization\",\"@id\":\"http:\\\/\\\/prayerspacesinschools.com\\\/fr\\\/#organization\",\"name\":\"Prayer Spaces in Schools\",\"url\":\"http:\\\/\\\/prayerspacesinschools.com\\\/fr\\\/\",\"logo\":{\"@type\":\"ImageObject\",\"inLanguage\":\"es-ES\",\"@id\":\"http:\\\/\\\/prayerspacesinschools.com\\\/fr\\\/#\\\/schema\\\/logo\\\/image\\\/\",\"url\":\"http:\\\/\\\/prayerspacesinschools.com\\\/wp-content\\\/uploads\\\/2025\\\/07\\\/logo.svg\",\"contentUrl\":\"http:\\\/\\\/prayerspacesinschools.com\\\/wp-content\\\/uploads\\\/2025\\\/07\\\/logo.svg\",\"width\":125,\"height\":93,\"caption\":\"Prayer Spaces in Schools\"},\"image\":{\"@id\":\"http:\\\/\\\/prayerspacesinschools.com\\\/fr\\\/#\\\/schema\\\/logo\\\/image\\\/\"}}]}<\/script>\n<!-- \/ Yoast SEO plugin. -->","yoast_head_json":{"title":"Sud\u00e1frica - Prayer Spaces in Schools International","robots":{"index":"noindex","follow":"follow"},"og_locale":"es_ES","og_type":"article","og_title":"Sud\u00e1frica - Prayer Spaces in Schools International","og_description":"El equipo Youth in Transformation (YIT), cerca de Ciudad del Cabo, acogi\u00f3 los primeros espacios de oraci\u00f3n en las escuelas. A medida que sus historias se han difundido, se han creado espacios de oraci\u00f3n en otras partes de Sud\u00e1frica y en otras organizaciones asociadas, como Scripture Union. Prayer Spaces in Schools en las escuelas de [&hellip;]","og_url":"https:\/\/prayerspacesinschools.com\/es\/nation\/south-africa\/","og_site_name":"Prayer Spaces in Schools International","article_modified_time":"2025-07-16T02:08:20+00:00","og_image":[{"width":324,"height":283,"url":"https:\/\/prayerspacesinschools.com\/wp-content\/uploads\/2025\/06\/psis_colour_logo_south_africa.png","type":"image\/png"}],"twitter_card":"summary_large_image","schema":{"@context":"https:\/\/schema.org","@graph":[{"@type":"WebPage","@id":"https:\/\/prayerspacesinschools.com\/es\/nation\/south-africa\/","url":"https:\/\/prayerspacesinschools.com\/es\/nation\/south-africa\/","name":"Sud\u00e1frica - Prayer Spaces in Schools International","isPartOf":{"@id":"http:\/\/prayerspacesinschools.com\/fr\/#website"},"primaryImageOfPage":{"@id":"https:\/\/prayerspacesinschools.com\/es\/nation\/south-africa\/#primaryimage"},"image":{"@id":"https:\/\/prayerspacesinschools.com\/es\/nation\/south-africa\/#primaryimage"},"thumbnailUrl":"https:\/\/prayerspacesinschools.com\/wp-content\/uploads\/2025\/06\/psis_colour_logo_south_africa.png","datePublished":"2025-06-19T10:55:32+00:00","dateModified":"2025-07-16T02:08:20+00:00","breadcrumb":{"@id":"https:\/\/prayerspacesinschools.com\/es\/nation\/south-africa\/#breadcrumb"},"inLanguage":"es-ES","potentialAction":[{"@type":"ReadAction","target":["https:\/\/prayerspacesinschools.com\/es\/nation\/south-africa\/"]}]},{"@type":"ImageObject","inLanguage":"es-ES","@id":"https:\/\/prayerspacesinschools.com\/es\/nation\/south-africa\/#primaryimage","url":"https:\/\/prayerspacesinschools.com\/wp-content\/uploads\/2025\/06\/psis_colour_logo_south_africa.png","contentUrl":"https:\/\/prayerspacesinschools.com\/wp-content\/uploads\/2025\/06\/psis_colour_logo_south_africa.png","width":324,"height":283},{"@type":"BreadcrumbList","@id":"https:\/\/prayerspacesinschools.com\/es\/nation\/south-africa\/#breadcrumb","itemListElement":[{"@type":"ListItem","position":1,"name":"Home","item":"http:\/\/prayerspacesinschools.com\/es\/"},{"@type":"ListItem","position":2,"name":"Sud\u00e1frica"}]},{"@type":"WebSite","@id":"http:\/\/prayerspacesinschools.com\/fr\/#website","url":"http:\/\/prayerspacesinschools.com\/fr\/","name":"Prayer Spaces in Schools","description":"Creating space in schools where pupils can pause to reflect or pray","publisher":{"@id":"http:\/\/prayerspacesinschools.com\/fr\/#organization"},"potentialAction":[{"@type":"SearchAction","target":{"@type":"EntryPoint","urlTemplate":"http:\/\/prayerspacesinschools.com\/fr\/?s={search_term_string}"},"query-input":{"@type":"PropertyValueSpecification","valueRequired":true,"valueName":"search_term_string"}}],"inLanguage":"es-ES"},{"@type":"Organization","@id":"http:\/\/prayerspacesinschools.com\/fr\/#organization","name":"Prayer Spaces in Schools","url":"http:\/\/prayerspacesinschools.com\/fr\/","logo":{"@type":"ImageObject","inLanguage":"es-ES","@id":"http:\/\/prayerspacesinschools.com\/fr\/#\/schema\/logo\/image\/","url":"http:\/\/prayerspacesinschools.com\/wp-content\/uploads\/2025\/07\/logo.svg","contentUrl":"http:\/\/prayerspacesinschools.com\/wp-content\/uploads\/2025\/07\/logo.svg","width":125,"height":93,"caption":"Prayer Spaces in Schools"},"image":{"@id":"http:\/\/prayerspacesinschools.com\/fr\/#\/schema\/logo\/image\/"}}]}},"_links":{"self":[{"href":"https:\/\/prayerspacesinschools.com\/es\/wp-json\/wp\/v2\/nation\/1502","targetHints":{"allow":["GET"]}}],"collection":[{"href":"https:\/\/prayerspacesinschools.com\/es\/wp-json\/wp\/v2\/nation"}],"about":[{"href":"https:\/\/prayerspacesinschools.com\/es\/wp-json\/wp\/v2\/types\/nation"}],"wp:featuredmedia":[{"embeddable":true,"href":"https:\/\/prayerspacesinschools.com\/es\/wp-json\/wp\/v2\/media\/1504"}],"wp:attachment":[{"href":"https:\/\/prayerspacesinschools.com\/es\/wp-json\/wp\/v2\/media?parent=1502"}],"curies":[{"name":"wp","href":"https:\/\/api.w.org\/{rel}","templated":true}]}}

Sudáfrica

<p>El equipo Youth in Transformation (YIT), cerca de Ciudad del Cabo, acogió los primeros espacios de oración en las escuelas. A medida que sus historias se han difundido, se han creado espacios de oración en otras partes de Sudáfrica y en otras organizaciones asociadas, como Scripture Union.</p>



<p>Prayer Spaces in Schools en las escuelas de Sudáfrica forma parte de 24-7 Prayer South Africa.</p>

<!-- This site is optimized with the Yoast SEO plugin v27.4 - https://yoast.com/product/yoast-seo-wordpress/ -->
<title>Sudáfrica - Prayer Spaces in Schools International</title>
<meta name="robots" content="noindex, follow" />
<meta property="og:locale" content="es_ES" />
<meta property="og:type" content="article" />
<meta property="og:title" content="Sudáfrica - Prayer Spaces in Schools International" />
<meta property="og:description" content="El equipo Youth in Transformation (YIT), cerca de Ciudad del Cabo, acogió los primeros espacios de oración en las escuelas. A medida que sus historias se han difundido, se han creado espacios de oración en otras partes de Sudáfrica y en otras organizaciones asociadas, como Scripture Union. Prayer Spaces in Schools en las escuelas de [&hellip;]" />
<meta property="og:url" content="https://prayerspacesinschools.com/es/nation/south-africa/" />
<meta property="og:site_name" content="Prayer Spaces in Schools International" />
<meta property="article:modified_time" content="2025-07-16T02:08:20+00:00" />
<meta property="og:image" content="https://prayerspacesinschools.com/wp-content/uploads/2025/06/psis_colour_logo_south_africa.png" />
	<meta property="og:image:width" content="324" />
	<meta property="og:image:height" content="283" />
	<meta property="og:image:type" content="image/png" />
<meta name="twitter:card" content="summary_large_image" />
<script type="application/ld+json" class="yoast-schema-graph">{"@context":"https:\/\/schema.org","@graph":[{"@type":"WebPage","@id":"https:\/\/prayerspacesinschools.com\/es\/nation\/south-africa\/","url":"https:\/\/prayerspacesinschools.com\/es\/nation\/south-africa\/","name":"Sudáfrica - Prayer Spaces in Schools International","isPartOf":{"@id":"http:\/\/prayerspacesinschools.com\/fr\/#website"},"primaryImageOfPage":{"@id":"https:\/\/prayerspacesinschools.com\/es\/nation\/south-africa\/#primaryimage"},"image":{"@id":"https:\/\/prayerspacesinschools.com\/es\/nation\/south-africa\/#primaryimage"},"thumbnailUrl":"https:\/\/prayerspacesinschools.com\/wp-content\/uploads\/2025\/06\/psis_colour_logo_south_africa.png","datePublished":"2025-06-19T10:55:32+00:00","dateModified":"2025-07-16T02:08:20+00:00","breadcrumb":{"@id":"https:\/\/prayerspacesinschools.com\/es\/nation\/south-africa\/#breadcrumb"},"inLanguage":"es-ES","potentialAction":[{"@type":"ReadAction","target":["https:\/\/prayerspacesinschools.com\/es\/nation\/south-africa\/"]}]},{"@type":"ImageObject","inLanguage":"es-ES","@id":"https:\/\/prayerspacesinschools.com\/es\/nation\/south-africa\/#primaryimage","url":"https:\/\/prayerspacesinschools.com\/wp-content\/uploads\/2025\/06\/psis_colour_logo_south_africa.png","contentUrl":"https:\/\/prayerspacesinschools.com\/wp-content\/uploads\/2025\/06\/psis_colour_logo_south_africa.png","width":324,"height":283},{"@type":"BreadcrumbList","@id":"https:\/\/prayerspacesinschools.com\/es\/nation\/south-africa\/#breadcrumb","itemListElement":[{"@type":"ListItem","position":1,"name":"Home","item":"http:\/\/prayerspacesinschools.com\/es\/"},{"@type":"ListItem","position":2,"name":"Sudáfrica"}]},{"@type":"WebSite","@id":"http:\/\/prayerspacesinschools.com\/fr\/#website","url":"http:\/\/prayerspacesinschools.com\/fr\/","name":"Prayer Spaces in Schools","description":"Creating space in schools where pupils can pause to reflect or pray","publisher":{"@id":"http:\/\/prayerspacesinschools.com\/fr\/#organization"},"potentialAction":[{"@type":"SearchAction","target":{"@type":"EntryPoint","urlTemplate":"http:\/\/prayerspacesinschools.com\/fr\/?s={search_term_string}"},"query-input":{"@type":"PropertyValueSpecification","valueRequired":true,"valueName":"search_term_string"}}],"inLanguage":"es-ES"},{"@type":"Organization","@id":"http:\/\/prayerspacesinschools.com\/fr\/#organization","name":"Prayer Spaces in Schools","url":"http:\/\/prayerspacesinschools.com\/fr\/","logo":{"@type":"ImageObject","inLanguage":"es-ES","@id":"http:\/\/prayerspacesinschools.com\/fr\/#\/schema\/logo\/image\/","url":"http:\/\/prayerspacesinschools.com\/wp-content\/uploads\/2025\/07\/logo.svg","contentUrl":"http:\/\/prayerspacesinschools.com\/wp-content\/uploads\/2025\/07\/logo.svg","width":125,"height":93,"caption":"Prayer Spaces in Schools"},"image":{"@id":"http:\/\/prayerspacesinschools.com\/fr\/#\/schema\/logo\/image\/"}}]}</script>
<!-- / Yoast SEO plugin. -->

Sudáfrica - Prayer Spaces in Schools International

El equipo Youth in Transformation (YIT), cerca de Ciudad del Cabo, acogió los primeros espacios de oración en las escuelas. A medida que sus historias se han difundido, se han creado espacios de oración en otras partes de Sudáfrica y en otras organizaciones asociadas, como Scripture Union. Prayer Spaces in Schools en las escuelas de [&hellip;]
