{"id":976,"date":"2025-06-19T11:55:32","date_gmt":"2025-06-19T10:55:32","guid":{"rendered":"http:\/\/prayerspacesinschools.com\/nation\/south-africa\/"},"modified":"2025-07-10T17:31:03","modified_gmt":"2025-07-10T16:31:03","slug":"south-africa","status":"publish","type":"nation","link":"https:\/\/prayerspacesinschools.com\/de\/nation\/south-africa\/","title":{"rendered":"S\u00fcdafrika"},"content":{"rendered":"\n<p>Das Team von Youth in Transformation (YIT) in der N\u00e4he von Kapstadt richtete die ersten Prayerspaces in Schulen ein. Seitdem sich ihre Geschichten verbreitet haben, werden Prayerspaces auch in anderen Teilen S\u00fcdafrikas und von anderen Partnerorganisationen, z. B. der Scripture Union, eingerichtet.<\/p>\n\n\n\n<p>Prayerspaces in Schulen S\u00fcdafrika ist Teil von 24-7 Prayer S\u00fcdafrika.<\/p>\n","protected":false},"featured_media":672,"template":"","class_list":["post-976","nation","type-nation","status-publish","has-post-thumbnail","hentry"],"acf":[],"yoast_head":"<!-- This site is optimized with the Yoast SEO plugin v27.4 - https:\/\/yoast.com\/product\/yoast-seo-wordpress\/ -->\n<title>S\u00fcdafrika - Prayer Spaces in Schools International<\/title>\n<meta name=\"robots\" content=\"noindex, follow\" \/>\n<meta property=\"og:locale\" content=\"de_DE\" \/>\n<meta property=\"og:type\" content=\"article\" \/>\n<meta property=\"og:title\" content=\"S\u00fcdafrika - Prayer Spaces in Schools International\" \/>\n<meta property=\"og:description\" content=\"Das Team von Youth in Transformation (YIT) in der N\u00e4he von Kapstadt richtete die ersten Prayerspaces in Schulen ein. Seitdem sich ihre Geschichten verbreitet haben, werden Prayerspaces auch in anderen Teilen S\u00fcdafrikas und von anderen Partnerorganisationen, z. B. der Scripture Union, eingerichtet. Prayerspaces in Schulen S\u00fcdafrika ist Teil von 24-7 Prayer S\u00fcdafrika.\" \/>\n<meta property=\"og:url\" content=\"https:\/\/prayerspacesinschools.com\/de\/nation\/south-africa\/\" \/>\n<meta property=\"og:site_name\" content=\"Prayer Spaces in Schools International\" \/>\n<meta property=\"article:modified_time\" content=\"2025-07-10T16:31:03+00:00\" \/>\n<meta property=\"og:image\" content=\"https:\/\/prayerspacesinschools.com\/wp-content\/uploads\/2025\/06\/psis_colour_logo_south_africa.png\" \/>\n\t<meta property=\"og:image:width\" content=\"324\" \/>\n\t<meta property=\"og:image:height\" content=\"283\" \/>\n\t<meta property=\"og:image:type\" content=\"image\/png\" \/>\n<meta name=\"twitter:card\" content=\"summary_large_image\" \/>\n<script type=\"application\/ld+json\" class=\"yoast-schema-graph\">{\"@context\":\"https:\\\/\\\/schema.org\",\"@graph\":[{\"@type\":\"WebPage\",\"@id\":\"https:\\\/\\\/prayerspacesinschools.com\\\/de\\\/nation\\\/south-africa\\\/\",\"url\":\"https:\\\/\\\/prayerspacesinschools.com\\\/de\\\/nation\\\/south-africa\\\/\",\"name\":\"S\u00fcdafrika - Prayer Spaces in Schools International\",\"isPartOf\":{\"@id\":\"http:\\\/\\\/prayerspacesinschools.com\\\/fr\\\/#website\"},\"primaryImageOfPage\":{\"@id\":\"https:\\\/\\\/prayerspacesinschools.com\\\/de\\\/nation\\\/south-africa\\\/#primaryimage\"},\"image\":{\"@id\":\"https:\\\/\\\/prayerspacesinschools.com\\\/de\\\/nation\\\/south-africa\\\/#primaryimage\"},\"thumbnailUrl\":\"https:\\\/\\\/prayerspacesinschools.com\\\/wp-content\\\/uploads\\\/2025\\\/06\\\/psis_colour_logo_south_africa.png\",\"datePublished\":\"2025-06-19T10:55:32+00:00\",\"dateModified\":\"2025-07-10T16:31:03+00:00\",\"breadcrumb\":{\"@id\":\"https:\\\/\\\/prayerspacesinschools.com\\\/de\\\/nation\\\/south-africa\\\/#breadcrumb\"},\"inLanguage\":\"de-DE\",\"potentialAction\":[{\"@type\":\"ReadAction\",\"target\":[\"https:\\\/\\\/prayerspacesinschools.com\\\/de\\\/nation\\\/south-africa\\\/\"]}]},{\"@type\":\"ImageObject\",\"inLanguage\":\"de-DE\",\"@id\":\"https:\\\/\\\/prayerspacesinschools.com\\\/de\\\/nation\\\/south-africa\\\/#primaryimage\",\"url\":\"https:\\\/\\\/prayerspacesinschools.com\\\/wp-content\\\/uploads\\\/2025\\\/06\\\/psis_colour_logo_south_africa.png\",\"contentUrl\":\"https:\\\/\\\/prayerspacesinschools.com\\\/wp-content\\\/uploads\\\/2025\\\/06\\\/psis_colour_logo_south_africa.png\",\"width\":324,\"height\":283},{\"@type\":\"BreadcrumbList\",\"@id\":\"https:\\\/\\\/prayerspacesinschools.com\\\/de\\\/nation\\\/south-africa\\\/#breadcrumb\",\"itemListElement\":[{\"@type\":\"ListItem\",\"position\":1,\"name\":\"Home\",\"item\":\"http:\\\/\\\/prayerspacesinschools.com\\\/de\\\/\"},{\"@type\":\"ListItem\",\"position\":2,\"name\":\"S\u00fcdafrika\"}]},{\"@type\":\"WebSite\",\"@id\":\"http:\\\/\\\/prayerspacesinschools.com\\\/fr\\\/#website\",\"url\":\"http:\\\/\\\/prayerspacesinschools.com\\\/fr\\\/\",\"name\":\"Prayer Spaces in Schools\",\"description\":\"Creating space in schools where pupils can pause to reflect or pray\",\"publisher\":{\"@id\":\"http:\\\/\\\/prayerspacesinschools.com\\\/fr\\\/#organization\"},\"potentialAction\":[{\"@type\":\"SearchAction\",\"target\":{\"@type\":\"EntryPoint\",\"urlTemplate\":\"http:\\\/\\\/prayerspacesinschools.com\\\/fr\\\/?s={search_term_string}\"},\"query-input\":{\"@type\":\"PropertyValueSpecification\",\"valueRequired\":true,\"valueName\":\"search_term_string\"}}],\"inLanguage\":\"de-DE\"},{\"@type\":\"Organization\",\"@id\":\"http:\\\/\\\/prayerspacesinschools.com\\\/fr\\\/#organization\",\"name\":\"Prayer Spaces in Schools\",\"url\":\"http:\\\/\\\/prayerspacesinschools.com\\\/fr\\\/\",\"logo\":{\"@type\":\"ImageObject\",\"inLanguage\":\"de-DE\",\"@id\":\"http:\\\/\\\/prayerspacesinschools.com\\\/fr\\\/#\\\/schema\\\/logo\\\/image\\\/\",\"url\":\"http:\\\/\\\/prayerspacesinschools.com\\\/wp-content\\\/uploads\\\/2025\\\/07\\\/logo.svg\",\"contentUrl\":\"http:\\\/\\\/prayerspacesinschools.com\\\/wp-content\\\/uploads\\\/2025\\\/07\\\/logo.svg\",\"width\":125,\"height\":93,\"caption\":\"Prayer Spaces in Schools\"},\"image\":{\"@id\":\"http:\\\/\\\/prayerspacesinschools.com\\\/fr\\\/#\\\/schema\\\/logo\\\/image\\\/\"}}]}<\/script>\n<!-- \/ Yoast SEO plugin. -->","yoast_head_json":{"title":"S\u00fcdafrika - Prayer Spaces in Schools International","robots":{"index":"noindex","follow":"follow"},"og_locale":"de_DE","og_type":"article","og_title":"S\u00fcdafrika - Prayer Spaces in Schools International","og_description":"Das Team von Youth in Transformation (YIT) in der N\u00e4he von Kapstadt richtete die ersten Prayerspaces in Schulen ein. Seitdem sich ihre Geschichten verbreitet haben, werden Prayerspaces auch in anderen Teilen S\u00fcdafrikas und von anderen Partnerorganisationen, z. B. der Scripture Union, eingerichtet. Prayerspaces in Schulen S\u00fcdafrika ist Teil von 24-7 Prayer S\u00fcdafrika.","og_url":"https:\/\/prayerspacesinschools.com\/de\/nation\/south-africa\/","og_site_name":"Prayer Spaces in Schools International","article_modified_time":"2025-07-10T16:31:03+00:00","og_image":[{"width":324,"height":283,"url":"https:\/\/prayerspacesinschools.com\/wp-content\/uploads\/2025\/06\/psis_colour_logo_south_africa.png","type":"image\/png"}],"twitter_card":"summary_large_image","schema":{"@context":"https:\/\/schema.org","@graph":[{"@type":"WebPage","@id":"https:\/\/prayerspacesinschools.com\/de\/nation\/south-africa\/","url":"https:\/\/prayerspacesinschools.com\/de\/nation\/south-africa\/","name":"S\u00fcdafrika - Prayer Spaces in Schools International","isPartOf":{"@id":"http:\/\/prayerspacesinschools.com\/fr\/#website"},"primaryImageOfPage":{"@id":"https:\/\/prayerspacesinschools.com\/de\/nation\/south-africa\/#primaryimage"},"image":{"@id":"https:\/\/prayerspacesinschools.com\/de\/nation\/south-africa\/#primaryimage"},"thumbnailUrl":"https:\/\/prayerspacesinschools.com\/wp-content\/uploads\/2025\/06\/psis_colour_logo_south_africa.png","datePublished":"2025-06-19T10:55:32+00:00","dateModified":"2025-07-10T16:31:03+00:00","breadcrumb":{"@id":"https:\/\/prayerspacesinschools.com\/de\/nation\/south-africa\/#breadcrumb"},"inLanguage":"de-DE","potentialAction":[{"@type":"ReadAction","target":["https:\/\/prayerspacesinschools.com\/de\/nation\/south-africa\/"]}]},{"@type":"ImageObject","inLanguage":"de-DE","@id":"https:\/\/prayerspacesinschools.com\/de\/nation\/south-africa\/#primaryimage","url":"https:\/\/prayerspacesinschools.com\/wp-content\/uploads\/2025\/06\/psis_colour_logo_south_africa.png","contentUrl":"https:\/\/prayerspacesinschools.com\/wp-content\/uploads\/2025\/06\/psis_colour_logo_south_africa.png","width":324,"height":283},{"@type":"BreadcrumbList","@id":"https:\/\/prayerspacesinschools.com\/de\/nation\/south-africa\/#breadcrumb","itemListElement":[{"@type":"ListItem","position":1,"name":"Home","item":"http:\/\/prayerspacesinschools.com\/de\/"},{"@type":"ListItem","position":2,"name":"S\u00fcdafrika"}]},{"@type":"WebSite","@id":"http:\/\/prayerspacesinschools.com\/fr\/#website","url":"http:\/\/prayerspacesinschools.com\/fr\/","name":"Prayer Spaces in Schools","description":"Creating space in schools where pupils can pause to reflect or pray","publisher":{"@id":"http:\/\/prayerspacesinschools.com\/fr\/#organization"},"potentialAction":[{"@type":"SearchAction","target":{"@type":"EntryPoint","urlTemplate":"http:\/\/prayerspacesinschools.com\/fr\/?s={search_term_string}"},"query-input":{"@type":"PropertyValueSpecification","valueRequired":true,"valueName":"search_term_string"}}],"inLanguage":"de-DE"},{"@type":"Organization","@id":"http:\/\/prayerspacesinschools.com\/fr\/#organization","name":"Prayer Spaces in Schools","url":"http:\/\/prayerspacesinschools.com\/fr\/","logo":{"@type":"ImageObject","inLanguage":"de-DE","@id":"http:\/\/prayerspacesinschools.com\/fr\/#\/schema\/logo\/image\/","url":"http:\/\/prayerspacesinschools.com\/wp-content\/uploads\/2025\/07\/logo.svg","contentUrl":"http:\/\/prayerspacesinschools.com\/wp-content\/uploads\/2025\/07\/logo.svg","width":125,"height":93,"caption":"Prayer Spaces in Schools"},"image":{"@id":"http:\/\/prayerspacesinschools.com\/fr\/#\/schema\/logo\/image\/"}}]}},"_links":{"self":[{"href":"https:\/\/prayerspacesinschools.com\/de\/wp-json\/wp\/v2\/nation\/976","targetHints":{"allow":["GET"]}}],"collection":[{"href":"https:\/\/prayerspacesinschools.com\/de\/wp-json\/wp\/v2\/nation"}],"about":[{"href":"https:\/\/prayerspacesinschools.com\/de\/wp-json\/wp\/v2\/types\/nation"}],"wp:featuredmedia":[{"embeddable":true,"href":"https:\/\/prayerspacesinschools.com\/de\/wp-json\/wp\/v2\/media\/672"}],"wp:attachment":[{"href":"https:\/\/prayerspacesinschools.com\/de\/wp-json\/wp\/v2\/media?parent=976"}],"curies":[{"name":"wp","href":"https:\/\/api.w.org\/{rel}","templated":true}]}}

Südafrika

<p>Das Team von Youth in Transformation (YIT) in der Nähe von Kapstadt richtete die ersten Prayerspaces in Schulen ein. Seitdem sich ihre Geschichten verbreitet haben, werden Prayerspaces auch in anderen Teilen Südafrikas und von anderen Partnerorganisationen, z. B. der Scripture Union, eingerichtet.</p>



<p>Prayerspaces in Schulen Südafrika ist Teil von 24-7 Prayer Südafrika.</p>

<!-- This site is optimized with the Yoast SEO plugin v27.4 - https://yoast.com/product/yoast-seo-wordpress/ -->
<title>Südafrika - Prayer Spaces in Schools International</title>
<meta name="robots" content="noindex, follow" />
<meta property="og:locale" content="de_DE" />
<meta property="og:type" content="article" />
<meta property="og:title" content="Südafrika - Prayer Spaces in Schools International" />
<meta property="og:description" content="Das Team von Youth in Transformation (YIT) in der Nähe von Kapstadt richtete die ersten Prayerspaces in Schulen ein. Seitdem sich ihre Geschichten verbreitet haben, werden Prayerspaces auch in anderen Teilen Südafrikas und von anderen Partnerorganisationen, z. B. der Scripture Union, eingerichtet. Prayerspaces in Schulen Südafrika ist Teil von 24-7 Prayer Südafrika." />
<meta property="og:url" content="https://prayerspacesinschools.com/de/nation/south-africa/" />
<meta property="og:site_name" content="Prayer Spaces in Schools International" />
<meta property="article:modified_time" content="2025-07-10T16:31:03+00:00" />
<meta property="og:image" content="https://prayerspacesinschools.com/wp-content/uploads/2025/06/psis_colour_logo_south_africa.png" />
	<meta property="og:image:width" content="324" />
	<meta property="og:image:height" content="283" />
	<meta property="og:image:type" content="image/png" />
<meta name="twitter:card" content="summary_large_image" />
<script type="application/ld+json" class="yoast-schema-graph">{"@context":"https:\/\/schema.org","@graph":[{"@type":"WebPage","@id":"https:\/\/prayerspacesinschools.com\/de\/nation\/south-africa\/","url":"https:\/\/prayerspacesinschools.com\/de\/nation\/south-africa\/","name":"Südafrika - Prayer Spaces in Schools International","isPartOf":{"@id":"http:\/\/prayerspacesinschools.com\/fr\/#website"},"primaryImageOfPage":{"@id":"https:\/\/prayerspacesinschools.com\/de\/nation\/south-africa\/#primaryimage"},"image":{"@id":"https:\/\/prayerspacesinschools.com\/de\/nation\/south-africa\/#primaryimage"},"thumbnailUrl":"https:\/\/prayerspacesinschools.com\/wp-content\/uploads\/2025\/06\/psis_colour_logo_south_africa.png","datePublished":"2025-06-19T10:55:32+00:00","dateModified":"2025-07-10T16:31:03+00:00","breadcrumb":{"@id":"https:\/\/prayerspacesinschools.com\/de\/nation\/south-africa\/#breadcrumb"},"inLanguage":"de-DE","potentialAction":[{"@type":"ReadAction","target":["https:\/\/prayerspacesinschools.com\/de\/nation\/south-africa\/"]}]},{"@type":"ImageObject","inLanguage":"de-DE","@id":"https:\/\/prayerspacesinschools.com\/de\/nation\/south-africa\/#primaryimage","url":"https:\/\/prayerspacesinschools.com\/wp-content\/uploads\/2025\/06\/psis_colour_logo_south_africa.png","contentUrl":"https:\/\/prayerspacesinschools.com\/wp-content\/uploads\/2025\/06\/psis_colour_logo_south_africa.png","width":324,"height":283},{"@type":"BreadcrumbList","@id":"https:\/\/prayerspacesinschools.com\/de\/nation\/south-africa\/#breadcrumb","itemListElement":[{"@type":"ListItem","position":1,"name":"Home","item":"http:\/\/prayerspacesinschools.com\/de\/"},{"@type":"ListItem","position":2,"name":"Südafrika"}]},{"@type":"WebSite","@id":"http:\/\/prayerspacesinschools.com\/fr\/#website","url":"http:\/\/prayerspacesinschools.com\/fr\/","name":"Prayer Spaces in Schools","description":"Creating space in schools where pupils can pause to reflect or pray","publisher":{"@id":"http:\/\/prayerspacesinschools.com\/fr\/#organization"},"potentialAction":[{"@type":"SearchAction","target":{"@type":"EntryPoint","urlTemplate":"http:\/\/prayerspacesinschools.com\/fr\/?s={search_term_string}"},"query-input":{"@type":"PropertyValueSpecification","valueRequired":true,"valueName":"search_term_string"}}],"inLanguage":"de-DE"},{"@type":"Organization","@id":"http:\/\/prayerspacesinschools.com\/fr\/#organization","name":"Prayer Spaces in Schools","url":"http:\/\/prayerspacesinschools.com\/fr\/","logo":{"@type":"ImageObject","inLanguage":"de-DE","@id":"http:\/\/prayerspacesinschools.com\/fr\/#\/schema\/logo\/image\/","url":"http:\/\/prayerspacesinschools.com\/wp-content\/uploads\/2025\/07\/logo.svg","contentUrl":"http:\/\/prayerspacesinschools.com\/wp-content\/uploads\/2025\/07\/logo.svg","width":125,"height":93,"caption":"Prayer Spaces in Schools"},"image":{"@id":"http:\/\/prayerspacesinschools.com\/fr\/#\/schema\/logo\/image\/"}}]}</script>
<!-- / Yoast SEO plugin. -->

Südafrika - Prayer Spaces in Schools International

Das Team von Youth in Transformation (YIT) in der Nähe von Kapstadt richtete die ersten Prayerspaces in Schulen ein. Seitdem sich ihre Geschichten verbreitet haben, werden Prayerspaces auch in anderen Teilen Südafrikas und von anderen Partnerorganisationen, z. B. der Scripture Union, eingerichtet. Prayerspaces in Schulen Südafrika ist Teil von 24-7 Prayer Südafrika.
